NOAA-Style Climate Reports


Report for 2009 Μάϊος
                   MONTHLY CLIMATOLOGICAL SUMMARY for MAY. 2009

NAME: veriaweather   CITY: Veria   STATE: Imathia 
ELEV:   105 m  LAT:  40° 31' 23" N  LONG:  22° 12' 19" E

                   TEMPERATURE (°C), RAIN  (mm), WIND SPEED (km/hr)

                                      HEAT  COOL        AVG
    MEAN                              DEG   DEG         WIND                 DOM
DAY TEMP  HIGH   TIME   LOW    TIME   DAYS  DAYS  RAIN  SPEED HIGH   TIME    DIR
------------------------------------------------------------------------------------
 1  13.8  16.7   14:00  12.3    7:30   4.4   0.0   8.9   2.7  27.4   15:30     N
 2  15.8  21.4   14:30  11.4    6:00   3.0   0.6   0.0   4.8  27.4   18:00     N
 3  14.8  20.3   16:00  12.2    7:30   3.6   0.1   8.1   2.4  19.3   16:30    NE
 4  16.5  21.2   15:30  12.0    2:00   2.4   0.6   0.0   3.5  27.4   19:00     N
 5  17.6  22.9   15:30  13.3    6:00   1.8   1.1   0.0   5.5  27.4   17:30     N
 6  17.4  22.7   18:00  12.8    6:00   1.9   1.0   0.0   6.3  29.0   15:00    NW
 7  18.8  23.7   13:30  14.1    5:30   1.2   1.7   0.0   5.1  22.5   21:00    NE
 8  19.9  25.7   17:00  14.1    5:30   0.9   2.6   0.0   3.4  16.1   13:30     N
 9  19.8  27.8   17:30  12.5    6:30   1.5   3.0   0.0   2.4  17.7   15:00     N
10  20.1  26.9   16:00  13.7    5:00   1.2   2.9   0.0   3.1  16.1   16:00   SSE
11  21.2  28.3   16:00  14.2    5:30   0.9   3.7   0.0   3.1  16.1    1:30     N
12  21.8  29.1   18:00  15.2    7:00   0.6   4.1   0.0   2.9  16.1    3:30     N
13  23.1  30.0   16:30  16.8    7:00   0.2   5.0   0.0   3.5  25.7   22:30     N
14  22.2  27.8   14:30  16.8    6:30   0.1   4.0   0.0   3.9  22.5    0:30   ENE
15  21.9  27.8   16:30  16.8    6:00   0.3   3.9   0.0   3.2  16.1   14:30     N
16  22.9  28.2   18:00  17.6    7:00   0.0   4.6   0.0   2.9  14.5    5:00     N
17  23.4  28.7   16:00  18.8    6:30   0.0   5.1   0.3   3.2  54.7   21:00     N
18  22.5  27.9   17:00  18.6   12:00   0.0   4.2   3.0   3.5  29.0   12:00     N
19  23.8  30.6   19:00  17.9    4:30   0.0   5.6   2.8   4.0  24.1    6:00     N
20  23.5  29.9   19:00  18.2    4:30   0.0   5.2   0.0   3.5  19.3    4:30    NW
21  23.4  30.0   18:00  17.1    5:00   0.1   5.2   0.0   3.5  24.1   20:00    NW
22  24.3  30.8   18:30  18.1    6:00   0.0   6.0   0.0   3.2  17.7    6:00     N
23  25.8  33.3   17:30  17.7    6:30   0.0   7.5   0.0   5.3  22.5   12:30   ENE
24  26.6  33.9   17:00  18.4   21:30   0.0   8.2  13.0   5.1  64.4   21:00     N
25  24.7  31.1   18:00  19.0    3:00   0.0   6.4   0.0   6.3  30.6   19:30   ENE
26  25.2  30.4   17:30  19.6    5:30   0.0   6.9   0.0   3.9  19.3    0:30   SSE
27  20.8  24.3   16:30  16.3   22:30   0.2   2.7  37.1   4.0  40.2   21:30   ENE
28  20.4  26.1   15:30  15.6    6:00   0.6   2.7   3.6   4.7  43.5   23:30     N
29  17.4  20.3   15:30  15.3   00:00   1.1   0.2  11.4   3.2  20.9    1:30     N
30  17.3  20.9   18:30  13.8    6:30   1.6   0.6   2.8   2.3  17.7   16:00    SW
31  19.0  24.3   17:30  14.5    4:00   1.1   1.8   0.0   2.3  14.5    1:30   SSE
-------------------------------------------------------------------------------------
    20.8  33.9    24    11.4     2    28.6 106.9  90.9   3.8  64.4    24       N

Max >=  32.0:  2
Max <=   0.0:  0
Min <=   0.0:  0
Min <= -18.0:  0
Max Rain: 37.08 ON 27/05/09
Days of Rain: 10 (> .2 mm) 9 (> 2 mm) 1 (> 20 mm)
Heat Base:  18.3  Cool Base:  18.3  Method: Integration