NOAA-Style Climate Reports


Report for 2009 Απρίλιος
                   MONTHLY CLIMATOLOGICAL SUMMARY for APR. 2009

NAME: veriaweather   CITY: Veria   STATE: Imathia 
ELEV:   105 m  LAT:  40° 31' 23" N  LONG:  22° 12' 19" E

                   TEMPERATURE (°C), RAIN  (mm), WIND SPEED (km/hr)

                                      HEAT  COOL        AVG
    MEAN                              DEG   DEG         WIND                 DOM
DAY TEMP  HIGH   TIME   LOW    TIME   DAYS  DAYS  RAIN  SPEED HIGH   TIME    DIR
------------------------------------------------------------------------------------
 1  18.3  21.5   15:00  15.9    8:30   0.8   0.7   0.0   2.3  16.1    1:00    NW
 2  16.8  21.7   16:30  12.6    6:30   2.1   0.6   0.0   3.1  24.1   00:00   ENE
 3  14.4  17.7   18:30  12.1    6:30   3.9   0.0   0.3   4.3  24.1    2:00   ENE
 4  14.3  20.0   15:30   9.6    7:30   4.2   0.2   0.0   2.9  17.7   23:00     N
 5  15.8  22.6   18:00   9.1    7:30   3.5   1.0   0.0   3.7  19.3    1:00    NW
 6  14.9  18.0   15:00  12.5    5:30   3.4   0.0   0.0   2.7  16.1   15:30     N
 7  16.2  21.8   16:00  11.2    7:00   2.8   0.7   0.0   3.9  20.9    3:00     N
 8  15.5  22.3   17:00   9.1    6:30   3.6   0.8   0.0   3.9  22.5   17:00     N
 9  17.1  24.2   17:30  10.6    7:30   2.6   1.4   0.0   3.7  22.5   21:00     N
10  16.1  22.1   15:00  10.6    8:00   3.0   0.9   0.0   3.7  24.1   16:00     N
11  15.9  21.7   17:00  11.1    7:00   3.0   0.6   0.0   3.9  20.9   16:00     N
12  14.5  19.5   16:30   9.4    7:30   3.9   0.1   0.0   3.5  20.9   17:30     N
13  10.4  12.4    0:30   9.4   20:00   7.9   0.0   3.8   2.4  16.1   19:00   ENE
14  11.2  12.9   17:00   9.7    7:00   7.1   0.0   2.3   2.1  14.5   23:00     N
15  14.7  19.7   18:00  10.0    6:00   3.8   0.1   0.0   3.7  19.3    4:00     N
16  15.2  23.7   17:30   8.3    8:00   4.0   1.0   0.0   2.6  16.1   21:30     N
17  17.4  24.1   17:00  11.7    6:00   2.2   1.4   0.0   3.2  17.7    6:30     N
18  17.2  23.8   16:30  11.3    5:30   2.3   1.3   0.0   3.4  22.5   20:00    NW
19  17.7  22.9   16:00  13.2    5:00   1.7   1.1   0.0   2.7  16.1    3:00     N
20  17.6  22.0   17:00  14.2    6:00   1.6   0.9   0.0   2.7  17.7   23:00     N
21  15.6  18.9   18:00  12.5    6:30   2.8   0.0   0.3   2.7  20.9   16:30     N
22  12.7  15.9    0:30  10.3   22:30   5.6   0.0  18.3   2.7  24.1   14:30     N
23  12.3  16.4   18:00   8.9   00:00   6.0   0.0   0.0   2.9  20.9   14:30   ENE
24  12.6  18.2   17:00   7.4    6:00   5.7   0.0   0.0   3.7  19.3    4:30     N
25  15.3  23.2   17:00   8.1    6:00   4.0   1.0   0.0   3.7  53.1   19:00     N
26  13.0  16.6   13:00  10.7   21:00   5.3   0.0   1.5   3.5  30.6   19:00   ENE
27  13.2  18.1   16:30  10.5    5:30   5.1   0.0   0.0   2.6  16.1    1:30   ENE
28  12.3  14.1   16:30  10.7    7:00   6.0   0.0   3.0   2.6  14.5   13:00   ENE
29  13.7  18.3   18:00   9.8    3:00   4.6   0.0   1.8   2.6  17.7   21:00     N
30  16.4  21.9   16:30  11.3    5:30   2.6   0.8   0.0   3.4  24.1   20:30     N
-------------------------------------------------------------------------------------
    14.9  24.2     9     7.4    24   115.0  14.4  31.2   3.2  53.1    25       N

Max >=  32.0:  0
Max <=   0.0:  0
Min <=   0.0:  0
Min <= -18.0:  0
Max Rain: 18.29 ON 22/04/09
Days of Rain: 8 (> .2 mm) 4 (> 2 mm) 0 (> 20 mm)
Heat Base:  18.3  Cool Base:  18.3  Method: Integration