NOAA-Style Climate Reports


Report for 2009 Μάρτιος
                   MONTHLY CLIMATOLOGICAL SUMMARY for MAR. 2009

NAME: veriaweather   CITY: Veria   STATE: Imathia 
ELEV:   105 m  LAT:  40° 31' 23" N  LONG:  22° 12' 19" E

                   TEMPERATURE (°C), RAIN  (mm), WIND SPEED (km/hr)

                                      HEAT  COOL        AVG
    MEAN                              DEG   DEG         WIND                 DOM
DAY TEMP  HIGH   TIME   LOW    TIME   DAYS  DAYS  RAIN  SPEED HIGH   TIME    DIR
------------------------------------------------------------------------------------
 1  12.6  19.5   15:30   7.8    7:00   5.8   0.0   0.0   2.9  20.9    8:00   ENE
 2  13.3  16.8   17:30  10.0    7:30   5.0   0.0   0.0   2.9  30.6   22:30    NE
 3  13.0  16.6   16:00   9.8   00:00   5.3   0.0   0.0   2.6  16.1   22:00    NE
 4  11.6  13.6   14:00   9.8    5:30   6.7   0.0   0.0   3.9  24.1   19:30   WSW
 5  12.7  15.6   21:30  10.3    5:00   5.6   0.0   6.6   3.1  24.1   13:00   ENE
 6  12.0  15.2   11:00   9.6   00:00   6.3   0.0   2.3   3.9  25.7    3:00    NE
 7  11.2  13.8   15:00   8.9    5:30   7.1   0.0   0.0   5.6  29.0   19:30     N
 8  11.3  16.2   15:00   7.1   23:30   7.0   0.0   0.0   4.3  25.7   16:30    NE
 9  11.2  18.0   16:30   5.4    7:00   7.1   0.0   0.0   4.3  30.6   23:00    NE
10  11.0  13.4   17:00   5.7   00:00   7.3   0.0   0.5   7.4  49.9    7:30    NE
11   8.1  12.6   15:30   4.8    2:30   7.7   0.0   0.0   3.5  24.1    3:00   NNE
12   ---   ---     ---   ---     ---   0.0   0.0   0.0   0.0   0.0     ---   ---
13  10.6  14.4   17:30   8.8   00:00   2.3   0.0   0.0   1.0  14.5   19:30     N
14  10.5  14.4   14:00   6.7    7:00   7.8   0.0   0.0   6.9  35.4   16:30   ENE
15   9.6  15.7   15:30   3.7    6:30   8.8   0.0   0.0   4.5  24.1    3:30     N
16  12.2  17.2   15:30   7.2    3:30   6.1   0.0   0.0   5.8  30.6   10:00   ENE
17  11.2  14.0   14:30   7.4   00:00   7.1   0.0   0.0   6.6  35.4   11:00   ENE
18   8.0  14.2   12:30   4.9   00:00  10.3   0.0   0.5   7.6  48.3   13:30    NE
19   7.3  11.8   17:00   2.7    4:30  11.0   0.0   0.0   5.6  35.4   12:30    NW
20   4.3   6.2    0:30   2.8   10:00  14.0   0.0   5.8   2.6  14.5    5:30    NE
21   4.1   4.6    8:30   3.2    5:00  14.2   0.0  23.4   5.5  32.2    9:30    NE
22   5.9   8.2   17:30   4.4    5:00  12.4   0.0   2.3   3.2  19.3   11:00    NE
23   8.7  13.3   16:30   3.9    7:00   9.6   0.0   0.0   7.7  43.5   12:00   ENE
24  11.6  18.4   16:00   4.9    6:30   6.8   0.0   0.0   6.9  54.7   22:00     N
25   9.9  14.8    9:00   4.8   00:00   8.4   0.0   3.8   5.0  37.0    9:00   WSW
26   6.5  10.6   16:30   2.4    5:00  11.8   0.0   0.0   2.9  17.7   12:30    NW
27   9.7  15.7   17:00   4.5    5:30   8.6   0.0   0.0   4.3  22.5   14:30     N
28  10.7  17.2   16:00   4.6    6:30   7.6   0.0   0.0   4.0  16.1   16:00     N
29  11.1  13.6   17:00   8.2    2:00   6.9   0.0   0.0   2.6  14.5   18:00   ENE
30  14.2  19.8   18:00   9.9    7:00   4.3   0.1   0.0   2.3  11.3   15:00     N
31  16.6  21.3   16:00  12.7    7:30   2.2   0.5   0.0   1.8  11.3    1:30   NNW
-------------------------------------------------------------------------------------
    10.3  21.3    31     2.4    26   231.0   0.7  45.2   4.2  54.7    24     ENE

Max >=  32.0:  0
Max <=   0.0:  0
Min <=   0.0:  0
Min <= -18.0:  0
Max Rain: 23.37 ON 21/03/09
Days of Rain: 8 (> .2 mm) 6 (> 2 mm) 1 (> 20 mm)
Heat Base:  18.3  Cool Base:  18.3  Method: Integration