NOAA-Style Climate Reports


Report for 2009 Φεβρουάριος
                   MONTHLY CLIMATOLOGICAL SUMMARY for FEB. 2009

NAME: veriaweather   CITY: Veria   STATE: Imathia 
ELEV:   105 m  LAT:  40° 31' 23" N  LONG:  22° 12' 19" E

                   TEMPERATURE (°C), RAIN  (mm), WIND SPEED (km/hr)

                                      HEAT  COOL        AVG
    MEAN                              DEG   DEG         WIND                 DOM
DAY TEMP  HIGH   TIME   LOW    TIME   DAYS  DAYS  RAIN  SPEED HIGH   TIME    DIR
------------------------------------------------------------------------------------
 1   5.7   6.5   15:30   4.9    6:00  12.6   0.0   3.8   1.6   9.7   20:30    SW
 2   6.4   7.6   12:00   5.7    2:00  11.8   0.0   4.6   1.4   9.7   12:00   ENE
 3   7.4   9.1   00:00   6.2    8:00  10.9   0.0   1.8   0.6   6.4    1:00   SSW
 4  11.8  15.4   13:00   9.1    0:30   6.5   0.0   2.0   2.3  16.1   20:00    NE
 5  14.6  19.9   15:00  11.0    1:30   3.9   0.2   0.0   4.3  25.7    2:30    NE
 6  12.5  16.1   15:30   9.4    5:30   5.8   0.0   0.5   2.9  17.7    5:30   ENE
 7  10.9  13.6   14:00   8.4    8:00   7.4   0.0   0.3   3.2  19.3    2:30    NE
 8  12.7  17.7   15:00  10.1    7:00   5.6   0.0   0.0   8.9  43.5   13:00     N
 9  10.9  16.1   14:30   7.0   23:00   7.3   0.0   0.0   3.7  25.7    1:30    NE
10   8.7  13.4   16:30   4.8    7:00   9.6   0.0   0.0   3.9  16.1    2:30   NNE
11   8.8  11.6   22:00   5.6    4:30   9.5   0.0   4.1   2.9  30.6   21:30    NE
12   8.3  10.4   15:00   5.0   22:30  10.0   0.0   0.0   4.5  27.4    1:00    SW
13   5.7   8.2   15:30   3.8    8:30  12.6   0.0   0.0   3.2  20.9    1:30     W
14   4.1   7.1   17:30   1.6    8:00  14.2   0.0   0.0   2.9  16.1   11:30   WNW
15   3.8   7.2   14:00   0.3    7:00  14.5   0.0   0.0   3.7  27.4   14:00   ENE
16   3.7   8.3   15:30   0.0    7:30  14.6   0.0   0.0   4.5  24.1   12:30    NE
17   3.6   9.0   16:00  -0.7    8:00  14.7   0.0   0.0   3.5  17.7   20:00    NE
18   5.7   9.3   15:00   2.5    0:30  12.6   0.0   0.0   2.3  16.1    2:00    NE
19   5.1   7.4    9:30   2.7   23:00  13.2   0.0   0.3   4.0  25.7   22:00    SW
20   4.3   7.7   14:00   2.1   00:00  14.0   0.0   0.0   5.1  37.0   14:30   ENE
21   3.5   8.4   15:30  -0.8    7:00  14.8   0.0   0.0   5.0  24.1    7:30   NNE
22   2.8   5.4   13:30   1.1    2:30  15.5   0.0   0.0   5.5  22.5    1:30    NE
23   3.8   8.7   16:30  -0.4    8:00  14.5   0.0   0.0   3.5  19.3   22:30    SW
24   4.9  10.0   17:00   0.4    7:00  13.4   0.0   0.0   4.0  20.9    2:30    NE
25   5.4  10.4   17:30   1.3    4:30  12.9   0.0   1.3   3.5  19.3    5:00    NE
26   5.1  10.8   15:30   0.2    7:00  13.2   0.0   0.0   5.1  22.5   12:00    NE
27   6.6  12.8   16:00   1.3    5:30  10.7   0.0   0.0   4.2  22.5    6:00    NE
28  10.6  14.7   14:30   8.2   21:30   2.9   0.0   0.0   2.7  32.2   15:00    NE
-------------------------------------------------------------------------------------
     7.0  19.9     5    -0.8    21   309.5   0.2  18.5   3.7  43.5     8      NE

Max >=  32.0:  0
Max <=   0.0:  0
Min <=   0.0:  4
Min <= -18.0:  0
Max Rain: 4.57 ON 02/02/09
Days of Rain: 9 (> .2 mm) 4 (> 2 mm) 0 (> 20 mm)
Heat Base:  18.3  Cool Base:  18.3  Method: Integration