NOAA-Style Climate Reports


Report for 2009 Ιανουάριος
                   MONTHLY CLIMATOLOGICAL SUMMARY for JAN. 2009

NAME: veriaweather   CITY: Veria   STATE: Imathia 
ELEV:   105 m  LAT:  40° 31' 23" N  LONG:  22° 12' 19" E

                   TEMPERATURE (°C), RAIN  (mm), WIND SPEED (km/hr)

                                      HEAT  COOL        AVG
    MEAN                              DEG   DEG         WIND                 DOM
DAY TEMP  HIGH   TIME   LOW    TIME   DAYS  DAYS  RAIN  SPEED HIGH   TIME    DIR
------------------------------------------------------------------------------------
 1   2.1   5.8   13:00  -1.3    6:30  16.2   0.0   0.0   3.5  17.7    8:00    NE
 2   4.7   9.6   15:00   2.4    4:00  13.6   0.0   0.0   2.4  17.7   12:30    NE
 3   2.0   4.1    3:00  -0.4   19:00  16.3   0.0   7.1   1.6   9.7    2:00   WNW
 4   1.3   3.1   13:00  -0.1   23:00  17.0   0.0   8.9   1.0   8.0   18:00     W
 5   1.2   4.0   21:00  -1.3    7:30  17.1   0.0   4.3   1.9   9.7   10:00     W
 6   3.2   4.9   15:30   1.4    8:30  15.1   0.0   1.5   1.0   9.7    6:00     W
 7   4.7   6.3   15:30   2.9    4:00  13.6   0.0   0.0   1.1  11.3   00:00    SW
 8   5.7   8.1   13:30   3.7    4:30  12.6   0.0   0.0   1.8  11.3   21:30    SW
 9   2.2   4.1    0:30   0.6    5:30  16.1   0.0   2.5   2.4  16.1    5:00   WNW
10   3.9   6.0   16:30   2.0   23:30  14.1   0.0   0.0   1.3   9.7   00:00    SW
11   2.8   5.8   15:30   0.7    8:00  15.5   0.0   0.0   2.3  11.3   23:00    NE
12   3.4   7.4   13:30   0.8    6:30  14.9   0.0   0.0   4.0  16.1   20:30    NE
13   3.4   5.1   16:30   1.4    2:00  14.8   0.0   0.5   2.3  16.1    3:30    NE
14   6.3   8.6   23:30   3.8    2:30  12.0   0.0   8.6   1.8  19.3   00:00    NE
15   9.4  11.3   14:00   7.3    6:00   8.9   0.0   0.0   2.6  17.7    0:30    NE
16   9.4  14.4   16:00   6.2    8:30   8.9   0.0   0.0   4.5  29.0    9:00    NE
17   6.1   9.7   15:00   3.3   23:30  12.2   0.0   0.0   4.3  19.3   00:00   NNE
18   5.0   7.8   15:30   1.9    6:00  13.3   0.0   0.0   3.7  17.7    7:30    NE
19   7.6  12.7   15:00   3.9    7:00  10.7   0.0   0.0   2.4  16.1   11:00   ENE
20  10.2  14.4   15:00   6.4    5:30   8.1   0.0   0.0   2.9  19.3    7:30    NE
21  10.2  11.2   00:00   9.3    7:30   8.1   0.0  13.0   0.5   8.0    4:30    NE
22  12.6  15.1   13:00  10.9    1:00   5.7   0.0   2.0   1.3  14.5   20:30    NE
23  11.3  13.4    4:30   8.9   23:30   7.0   0.0  52.3   4.8  38.6    4:30   ENE
24  10.2  12.5   14:00   7.9    3:30   8.1   0.0   0.0   2.6  19.3    2:30    NE
25  11.0  14.1   12:00   9.4   22:30   7.3   0.0   7.6   2.6  24.1   14:30    NE
26  13.0  18.7   15:30   8.9    7:30   5.3   0.0   0.0   5.3  29.0   19:00    NE
27  10.3  13.3   11:30   8.7    3:30   8.0   0.0   8.9   3.4  30.6   20:30    NE
28  10.6  15.2   15:00   7.4   00:00   7.8   0.0   0.0   3.1  19.3   13:00    NE
29   9.5  13.7   14:30   6.1    5:30   8.8   0.0   0.0   3.9  19.3    0:30    NE
30   8.4  10.9   16:00   6.4    9:00   9.8   0.0   0.0   2.9  14.5    2:00    SW
31   5.7   7.8    0:30   5.0    7:30  12.6   0.0   6.9   1.8  11.3    6:00     W
-------------------------------------------------------------------------------------
     6.7  18.7    26    -1.3     1   359.5   0.0 124.2   2.6  38.6    23      NE

Max >=  32.0:  0
Max <=   0.0:  0
Min <=   0.0:  4
Min <= -18.0:  0
Max Rain: 52.32 ON 23/01/09
Days of Rain: 13 (> .2 mm) 11 (> 2 mm) 1 (> 20 mm)
Heat Base:  18.3  Cool Base:  18.3  Method: Integration