NOAA-Style Climate Reports


Report for 2009
                            ANNUAL CLIMATOLOGICAL SUMMARY

NAME: veriaweather  CITY: Veria   STATE: Imathia  
ELEV:   105 m  LAT:  40° 31' 23" N  LONG:  22° 12' 19" E

               TEMPERATURE (°C), HEAT BASE 18.3, COOL BASE 18.3
                          DEP.  HEAT  COOL                                          
        MEAN  MEAN        FROM  DEG   DEG                        MAX  MAX  MIN  MIN 
 YR MO  MAX   MIN   MEAN  NORM  DAYS  DAYS  HI  DATE  LOW  DATE  >=32 <=0  <=0  <=-18 
------------------------------------------------------------------------------------
 09  1   9.6   4.4   6.7   0.0   360     0  18.7  26  -1.3    1    0    0    4    0
 09  2  10.8   4.0   7.0   0.0   309     0  19.9   5  -0.8   21    0    0    4    0
 09  3  14.6   6.6  10.3   0.0   231     1  21.3  31   2.4   26    0    0    0    0
 09  4  19.9  10.7  14.9   0.0   115    14  24.2   9   7.4   24    0    0    0    0
 09  5  26.5  15.6  20.8   0.0    29   107  33.9  24  11.4    2    2    0    0    0
 09  6  29.1  18.4  23.5   0.0     2   142  35.1  17  15.4   25    6    0    0    0
 09  7  -1.$  -1.$  -1.$   0.0     0     0-32768.0  1032767.0    4    0    0    0    0
 09  8  -1.$  -1.$  -1.$   0.0     0     0-32768.0  2532767.0   12    0    0    0    0
 09  9  26.7  17.6  21.0   0.0     1    12  28.8  30  14.5   29    0    0    0    0
 09 10  21.3  13.3  16.8   0.0    79    33  28.6  10   7.3   15    0    0    0    0
 09 11  17.4   9.9  13.0   0.0   156     2  21.9  19   3.9    2    0    0    0    0
 09 12  12.2   7.0   9.4   0.0   276     0  18.1  26  -0.7   21    0    0    1    0
------------------------------------------------------------------------------------
        18.0  10.1  13.7   0.0  1558   312  35.1 JUN  -1.3  JAN    8    0    9    0

                                PRECIPITATION (mm)

               DEP.   MAX        DAYS OF RAIN 
               FROM   OBS.          OVER
 YR MO  TOTAL  NORM   DAY  DATE  .2   2   20
---------------------------------------------
 09  1 124.2    0.0  52.3   23   13   11    1
 09  2  18.5    0.0   4.6    2    9    4    0
 09  3  45.2    0.0  23.4   21    8    6    1
 09  4  31.2    0.0  18.3   22    8    4    0
 09  5  90.9    0.0  37.1   27   10    9    1
 09  6  21.3    0.0  13.0    3   10    3    0
 09  7   0.0    0.0   0.0    1    0    0    0
 09  8   0.0    0.0   0.0    1    0    0    0
 09  9   0.0    0.0   0.0    1    0    0    0
 09 10 211.1    0.0 154.7   24   10    6    2
 09 11  65.0    0.0  29.0    8    7    5    2
 09 12 203.7    0.0  52.8    2   18   12    3
---------------------------------------------
       811.3   0.0 154.7  OCT   93   60   10

                                WIND SPEED (km/hr)
                          DOM
 YR MO   AVG.  HI   DATE  DIR
---------------------------------
 09  1   2.6  38.6   23    NE
 09  2   3.7  43.5    8    NE
 09  3   4.2  54.7   24   ENE
 09  4   3.2  53.1   25     N
 09  5   3.8  64.4   24     N
 09  6   3.8  51.5   20     N
 09  7   0.0   0.0   12   ---
 09  8   0.0   0.0    1   ---
 09  9   1.3  24.1   30     W
 09 10   3.7  48.3   13     W
 09 11   3.9  37.0   10     W
 09 12   3.1  53.1   26     W
---------------------------------
         2.9  64.4  MAY   NE