NOAA-Style Climate Reports


Report for 2008 Δεκέμβριος
                   MONTHLY CLIMATOLOGICAL SUMMARY for DEC. 2008

NAME: veriaweather   CITY: Veria   STATE: Imathia 
ELEV:   105 m  LAT:  40° 31' 23" N  LONG:  22° 12' 19" E

                   TEMPERATURE (°C), RAIN  (mm), WIND SPEED (km/hr)

                                      HEAT  COOL        AVG
    MEAN                              DEG   DEG         WIND                 DOM
DAY TEMP  HIGH   TIME   LOW    TIME   DAYS  DAYS  RAIN  SPEED HIGH   TIME    DIR
------------------------------------------------------------------------------------
 1  11.3  14.1   00:00   9.4    8:00   7.0   0.0   0.0   2.1  16.1    7:00    NE
 2  13.3  14.7   23:30  12.1   16:30   5.0   0.0   0.8   1.3  16.1   23:30    NE
 3  15.5  16.9   00:00  13.8    0:30   2.8   0.0   3.6   3.2  33.8   19:30   SSE
 4  16.9  18.8   00:00  14.3   20:30   1.4   0.0   6.1   8.5  48.3    2:30    NW
 5  14.9  19.8    2:30  11.3   22:00   3.5   0.1   0.0   4.7  37.0    1:00    NE
 6  12.2  16.2   23:30   9.9   18:30   6.1   0.0   0.5   2.6  22.5   23:30   ENE
 7  10.1  18.6    3:30   5.3   20:00   8.3   0.0   0.0   6.3  35.4    1:30    NE
 8   7.3  13.0    2:00   2.9   20:00  11.0   0.0   0.0   5.8  25.7    1:00   ENE
 9   5.1  11.1    2:30   1.6   19:00  13.3   0.0   0.0   4.8  24.1   11:00    NE
10   5.9   9.9    3:30   3.8   12:30  12.3   0.0   0.0   4.7  17.7   15:30    NE
11   8.2  10.1    0:30   6.7    9:00  10.1   0.0  43.7   2.4  16.1   17:00     E
12   8.9  10.3   23:30   7.7   17:00   9.3   0.0   4.8   2.4  16.1    0:30   ENE
13   9.7  11.8    3:30   7.8   16:30   8.6   0.0   0.0   3.9  17.7   17:00    NE
14  10.9  12.5   23:30   9.8   19:30   7.4   0.0   4.1   1.4   9.7   10:30    NE
15  10.8  12.3    0:30   9.8   22:00   7.5   0.0  13.0   1.8  11.3    0:30   ESE
16  10.0  10.3    0:30   9.5   20:00   8.3   0.0   8.1   1.0   9.7    2:00   SSE
17  11.3  14.7   20:30  10.3    0:30   7.0   0.0   6.9   4.0  54.7   22:30   ENE
18  10.9  14.9    2:00   9.1   15:30   7.4   0.0   0.0   3.1  20.9    2:30    NE
19  10.7  13.9    4:00   7.8   20:30   7.6   0.0   0.0   4.0  24.1   00:00    NE
20   8.3  13.4    0:30   5.6   14:30  10.0   0.0   0.0   5.3  27.4    0:30    NE
21   8.6  10.7   00:00   7.7   17:00   9.7   0.0   0.0   9.0  41.8    4:30     E
22   7.7  11.7   15:30   4.5   00:00   5.3   0.0   0.0   7.1  27.4   20:30    NE
23   8.8  12.9   15:00   4.1    1:00   9.5   0.0   0.0   7.6  38.6   11:30    NE
24   5.4   8.5    0:30   1.4   00:00  12.9   0.0   0.0   7.6  41.8    7:00    NE
25   3.1   6.5   13:30   0.2    6:30  15.2   0.0   0.0   4.0  25.7    2:30    NE
26   2.8   4.6   11:00   0.6   00:00  15.5   0.0   0.5   2.3  14.5   11:00   WNW
27   1.1   1.8    4:30   0.4    0:30  17.2   0.0   2.5   1.0   9.7   12:30   WNW
28   1.8   3.4   14:00   0.9   21:30  16.5   0.0   6.9   2.4  16.1   21:30    NE
29   2.1   3.8   16:30  -0.1    7:00  16.2   0.0   3.0   3.2  17.7    7:30    NE
30   0.9   4.4   15:30  -1.1   23:30  17.3   0.0   0.5   3.7  22.5   21:30    NE
31   0.6   6.4   15:30  -2.5    7:00  17.7   0.0   0.0   4.7  19.3    7:00    NE
-------------------------------------------------------------------------------------
     8.2  19.8     5    -2.5    31   307.1   0.1 104.9   4.1  54.7    17      NE

Max >=  32.0:  0
Max <=   0.0:  0
Min <=   0.0:  3
Min <= -18.0:  0
Max Rain: 43.69 ON 11/12/08
Days of Rain: 15 (> .2 mm) 11 (> 2 mm) 1 (> 20 mm)
Heat Base:  18.3  Cool Base:  18.3  Method: Integration