NOAA-Style Climate Reports


Report for 2008 Νοέμβριος
                   MONTHLY CLIMATOLOGICAL SUMMARY for NOV. 2008

NAME: veriaweather   CITY: Veria   STATE: Imathia 
ELEV:   105 m  LAT:  40° 31' 23" N  LONG:  22° 12' 19" E

                   TEMPERATURE (°C), RAIN  (mm), WIND SPEED (km/hr)

                                      HEAT  COOL        AVG
    MEAN                              DEG   DEG         WIND                 DOM
DAY TEMP  HIGH   TIME   LOW    TIME   DAYS  DAYS  RAIN  SPEED HIGH   TIME    DIR
------------------------------------------------------------------------------------
 1  18.2  20.3   14:00  16.4    7:00   0.5   0.5   0.0   1.3  14.5    0:30    NE
 2  20.2  27.8   14:00  16.0    6:00   0.5   2.4   0.0   3.7  22.5   00:00    NE
 3  20.1  25.3   14:30  16.9    6:00   0.3   2.0   0.0   6.4  29.0    2:30    NE
 4  18.1  23.1   15:00  14.7    7:00   1.3   1.1   0.0   3.7  16.1    0:30    NE
 5  16.6  18.2   12:00  14.5    3:30   1.7   0.0   0.0   2.4  14.5    5:00    NE
 6  16.3  17.4   13:00  14.9    8:00   2.0   0.0   0.0   2.1  16.1    0:30   NNE
 7  15.6  18.4   14:30  14.5    8:30   2.7   0.0   0.0   1.4  19.3   15:00    NE
 8  15.8  17.6   14:30  14.7    2:00   2.5   0.0   0.0   1.0   8.0    1:30    NE
 9  13.2  14.9    0:30  12.1   11:30   5.1   0.0   1.8   1.6  14.5   10:00   ENE
10  13.5  15.8   15:00  12.2    7:00   4.8   0.0   0.0   1.0   9.7   19:30    NE
11  12.1  14.1   16:00  10.2   22:30   6.2   0.0   0.0   1.9  19.3   21:30    NE
12  11.9  16.3   16:00   8.5    6:30   6.4   0.0   0.0   4.5  17.7    1:00    NE
13  11.8  16.3   15:30   8.2    7:00   6.5   0.0   0.0   4.2  17.7   23:00    NE
14  11.9  12.6   00:00  11.1    5:00   6.4   0.0   1.3   1.0  14.5    0:30    NE
15  12.2  12.8    1:30  11.7   17:30   6.1   0.0   5.1   0.5   8.0   12:30   ENE
16  12.1  12.7   16:00  11.6    7:00   6.2   0.0   8.9   1.1   9.7    5:00    NE
17  12.6  15.2   15:30   9.9    5:30   5.7   0.0   0.0   2.1  17.7   20:00    NE
18   8.5  11.3    0:30   6.8   21:30   9.8   0.0  11.7   1.3  14.5    4:00     E
19   9.2  11.8   15:30   6.9    0:30   9.1   0.0   6.9   1.9  20.9   22:00    NE
20  10.3  14.3   15:00   6.2    7:30   8.0   0.0   0.0   4.3  27.4    8:00    NE
21  12.4  17.5   19:00   7.4    7:00   5.9   0.0   0.0   4.2  38.6   23:00   ENE
22  12.3  18.6   10:00   3.9   00:00   6.0   0.0   5.6   5.8  33.8   10:30    NE
23   3.8   6.3   00:00   2.2   10:30  14.2   0.0   2.0   2.6  24.1    7:30    NE
24   6.5   9.6   23:30   5.3    6:30  11.8   0.0   0.0   1.3  11.3    2:30   WSW
25  10.3  12.3    3:30   9.1    8:30   8.0   0.0   0.0   2.4  17.7    8:00    NE
26   8.9  14.6    3:30   4.9   18:30   9.4   0.0   0.0   2.4  16.1    7:00   WSW
27   6.1  11.3    3:00   3.1   18:30  12.2   0.0   0.0   2.9  16.1   14:30    NE
28   8.1  10.5    1:30   6.6   13:00  10.2   0.0  11.9   1.6  11.3   19:00   WSW
29   8.5  12.8   00:00   7.0   19:30   9.8   0.0   0.0   3.5  17.7   12:30    NE
30  10.8  12.6    0:30   9.7   11:30   7.5   0.0   0.0   3.4  16.1   21:30    NE
-------------------------------------------------------------------------------------
    12.3  27.8     2     2.2    23   186.8   6.1  55.1   2.6  38.6    21      NE

Max >=  32.0:  0
Max <=   0.0:  0
Min <=   0.0:  0
Min <= -18.0:  0
Max Rain: 11.94 ON 28/11/08
Days of Rain: 9 (> .2 mm) 7 (> 2 mm) 0 (> 20 mm)
Heat Base:  18.3  Cool Base:  18.3  Method: Integration