NOAA-Style Climate Reports


Report for 2008 Οκτώβριος
                   MONTHLY CLIMATOLOGICAL SUMMARY for OCT. 2008

NAME: veriaweather   CITY: Veria   STATE: Imathia 
ELEV:   105 m  LAT:  40° 31' 23" N  LONG:  22° 12' 19" E

                   TEMPERATURE (°C), RAIN  (mm), WIND SPEED (km/hr)

                                      HEAT  COOL        AVG
    MEAN                              DEG   DEG         WIND                 DOM
DAY TEMP  HIGH   TIME   LOW    TIME   DAYS  DAYS  RAIN  SPEED HIGH   TIME    DIR
------------------------------------------------------------------------------------
 1
 2
 3
 4
 5
 6
 7
 8
 9
10
11
12
13
14
15
16
17
18  17.8  20.1   14:30  15.3    9:30   0.9   0.4   0.0   2.1  11.3   14:00    NE
19  16.4  18.5   14:00  15.1   00:00   1.9   0.0   4.6   1.8  14.5   22:00    NE
20  17.8  23.4   16:00  13.6    8:00   1.7   1.2   0.0   4.8  19.3   22:00    NE
21  17.7  22.6   15:30  14.1    8:00   1.5   0.8   0.0   3.5  16.1    5:30    NE
22  16.9  21.4   16:30  14.4    8:30   1.8   0.5   0.0   2.7  17.7   19:30    NE
23  16.6  21.7   15:30  13.3    8:30   2.3   0.6   0.0   3.5  17.7    8:30    NE
24  15.8  20.4   17:00  12.3    6:30   2.7   0.3   0.0   3.2  16.1   21:00    NE
25  15.2  17.2   14:30  13.3   22:30   3.2   0.0   0.0   2.3  17.7   21:30    NE
26  14.7  16.5   13:30  13.0    3:00   3.6   0.0   0.0   2.3  14.5    1:00    NE
27  14.2  17.1   12:00  11.7   00:00   4.1   0.0   0.0   2.6  16.1   12:00    NE
28  14.7  19.2   15:00  10.6    6:30   3.7   0.1   0.0   3.9  16.1    2:00    NE
29  15.4  17.4   13:30  13.6    7:30   2.9   0.0   0.0   1.1  14.5   13:00    NE
30  15.5  16.2   20:30  14.7    2:00   2.8   0.0   3.6   0.6   8.0   13:30    NE
31  17.8  21.9   14:30  14.7    5:00   1.3   0.8   0.0   2.4  14.5    7:30    NE
-------------------------------------------------------------------------------------
    16.2  23.4    20    10.6    28    34.3   4.7   8.1   2.6  19.3    20      NE

Max >=  32.0:  0
Max <=   0.0:  0
Min <=   0.0:  0
Min <= -18.0:  0
Max Rain: 4.57 ON 19/10/08
Days of Rain: 2 (> .2 mm) 2 (> 2 mm) 0 (> 20 mm)
Heat Base:  18.3  Cool Base:  18.3  Method: Integration