NOAA-Style Climate Reports


Report for 2017 Οκτώβριος
                   MONTHLY CLIMATOLOGICAL SUMMARY for OCT. 2017

NAME: Veriaweather   CITY: Veria   STATE: Imathia 
ELEV:   158 m  LAT:  40° 31' 23" N  LONG:  22° 12' 19" E

                   TEMPERATURE (°C), RAIN  (mm), WIND SPEED (km/hr)

                                      HEAT  COOL        AVG
    MEAN                              DEG   DEG         WIND                 DOM
DAY TEMP  HIGH   TIME   LOW    TIME   DAYS  DAYS  RAIN  SPEED HIGH   TIME    DIR
------------------------------------------------------------------------------------
 1  17.2  21.8   13:40  12.3    7:30   1.9   0.7   0.0   0.0   0.0     ---   ---
 2  16.6  19.6   16:00  14.6   23:40   1.9   0.2   0.0   0.0   0.0     ---   ---
 3  17.4  23.2   14:50  13.8    5:30   1.9   1.0   0.0   0.0   0.0     ---   ---
 4  18.2  25.5   15:40  12.9    7:25   1.8   1.7   0.0   0.0   0.0     ---   ---
 5  19.9  27.2   16:05  14.8    7:45   0.9   2.6   0.0   0.0   0.0     ---   ---
 6  20.3  27.6   15:55  14.0    7:30   1.1   3.1   0.0   0.0   0.0     ---   ---
 7  13.7  19.2    1:55   9.6   23:20   4.7   0.1   7.6   0.0   0.0     ---   ---
 8  14.7  21.2   16:35   9.4    1:40   3.9   0.3   0.0   0.0   0.0     ---   ---
 9  16.4  23.8   16:45  11.2    5:25   3.0   1.1   0.0   0.0   0.0     ---   ---
10  17.2  23.4   16:35  12.5    7:40   2.1   1.0   0.0   0.0   0.0     ---   ---
11  16.9  23.7   16:40  12.4    6:40   2.4   1.0   0.0   0.0   0.0     ---   ---
12  18.3  26.0   16:40  12.7    6:55   1.7   1.8   0.0   0.0   0.0     ---   ---
13  19.9  26.8   16:40  13.8    4:35   1.2   2.8   0.0   0.0   0.0     ---   ---
14  20.0  25.5   16:40  15.1    7:55   0.7   2.3   0.0   0.0   0.0     ---   ---
15  19.0  25.8   16:50  14.1    6:15   1.0   1.7   0.0   0.0   0.0     ---   ---
16  20.6  28.1   16:20  15.7    5:40   0.5   2.8   0.0   0.0   0.0     ---   ---
17  19.4  26.8   16:35  14.4    5:55   1.2   2.3   0.0   0.0   0.0     ---   ---
18  20.5  27.8   15:15  14.6    8:05   0.7   2.9   0.0   0.0   0.0     ---   ---
19  17.3  18.8    0:50  15.8    7:20   0.4   0.0   0.0   0.0   0.0     ---   ---
20
21
22
23
24
25
26
27
28
29
30
31
-------------------------------------------------------------------------------------
    18.1  28.1    16     9.4     8    33.0  29.6   7.6   0.0   0.0     ---   ---

Max >=  32.0:  0
Max <=   0.0:  0
Min <=   0.0:  0
Min <= -18.0:  0
Max Rain: 7.62 ON 07/10/17
Days of Rain: 1 (> .2 mm) 1 (> 2 mm) 0 (> 20 mm)
Heat Base:  18.3  Cool Base:  18.3  Method: Integration