NOAA-Style Climate Reports


Report for 2017 Ιούνιος
                   MONTHLY CLIMATOLOGICAL SUMMARY for JUN. 2017

NAME: Veriaweather   CITY: Veria   STATE: Imathia 
ELEV:   158 m  LAT:  40° 31' 23" N  LONG:  22° 12' 19" E

                   TEMPERATURE (°C), RAIN  (mm), WIND SPEED (km/hr)

                                      HEAT  COOL        AVG
    MEAN                              DEG   DEG         WIND                 DOM
DAY TEMP  HIGH   TIME   LOW    TIME   DAYS  DAYS  RAIN  SPEED HIGH   TIME    DIR
------------------------------------------------------------------------------------
 1  26.4  32.9   18:15  20.2    6:20   0.0   8.1   0.0   0.0   0.0     ---   ---
 2  26.1  32.5   15:45  20.5    6:05   0.0   7.8   0.0   0.0   0.0     ---   ---
 3  22.7  29.7   15:35  19.5    6:20   0.0   4.4   3.8   0.0   0.0     ---   ---
 4  23.2  28.9   16:55  18.0    6:00   0.0   5.0   0.0   0.0   0.0     ---   ---
 5  24.0  30.2   16:00  18.6    6:05   0.0   5.7   0.0   0.0   0.0     ---   ---
 6  24.2  30.6   17:15  18.3    6:20   0.0   5.9   0.0   0.0   0.0     ---   ---
 7  24.4  30.2   15:20  19.3    6:35   0.0   6.2   0.0   0.0   0.0     ---   ---
 8  22.9  27.2   17:00  20.2    6:30   0.0   4.7   0.0   0.0   0.0     ---   ---
 9  23.3  29.6   16:45  17.2    5:50   0.1   5.1   0.0   0.0   0.0     ---   ---
10  23.9  29.6   16:25  17.9    6:20   0.0   5.6   0.0   0.0   0.0     ---   ---
11  19.7  24.5   16:30  17.5    9:25   0.1   1.5  26.9   0.0   0.0     ---   ---
12  23.6  29.3   18:15  18.6    3:15   0.0   5.3   0.0   0.0   0.0     ---   ---
13  25.7  32.9   19:15  18.5    6:40   0.0   7.4   0.0   0.0   0.0     ---   ---
14  27.6  35.6   18:10  21.6   20:15   0.0   9.3  12.2   0.0   0.0     ---   ---
15  24.1  29.1   16:00  20.6    3:20   0.0   5.8   7.6   0.0   0.0     ---   ---
16  23.5  27.1   18:55  21.1    9:10   0.0   5.2   0.3   0.0   0.0     ---   ---
17  21.6  26.4   15:40  19.7   00:00   0.0   3.3  12.4   0.0   0.0     ---   ---
18  20.4  23.3   17:30  17.6    4:40   0.0   2.1   0.0   0.0   0.0     ---   ---
19  22.4  28.0   18:30  15.7    4:35   0.4   4.4   0.0   0.0   0.0     ---   ---
20  25.3  30.8   17:30  19.6    5:55   0.0   7.0   0.0   0.0   0.0     ---   ---
21  26.7  33.3   18:00  20.6    6:35   0.0   8.4   0.0   0.0   0.0     ---   ---
22  27.8  34.9   16:15  20.9    6:15   0.0   9.5   0.0   0.0   0.0     ---   ---
23  29.8  36.4   18:35  23.4    6:00   0.0  11.5   0.0   0.0   0.0     ---   ---
24  30.0  36.3   15:15  24.3    6:35   0.0  11.7   0.0   0.0   0.0     ---   ---
25  30.1  36.2   18:25  24.2    6:15   0.0  11.8   0.0   0.0   0.0     ---   ---
26  27.0  31.6   18:00  22.6    5:35   0.0   8.7   0.0   0.0   0.0     ---   ---
27  27.3  35.1   16:55  22.9    6:15   0.0   6.4   0.0   0.0   0.0     ---   ---
28
29
30
-------------------------------------------------------------------------------------
    25.0  36.4    23    15.7    19     0.6 177.7  63.2   0.0   0.0     ---   ---

Max >=  32.0: 10
Max <=   0.0:  0
Min <=   0.0:  0
Min <= -18.0:  0
Max Rain: 26.92 ON 11/06/17
Days of Rain: 6 (> .2 mm) 5 (> 2 mm) 1 (> 20 mm)
Heat Base:  18.3  Cool Base:  18.3  Method: Integration