NOAA-Style Climate Reports


Report for 2018 Φεβρουάριος
                   MONTHLY CLIMATOLOGICAL SUMMARY for FEB. 2018

NAME: Veriaweather   CITY: Veria   STATE: Imathia 
ELEV:   158 m  LAT:  40° 31' 23" N  LONG:  22° 12' 19" E

                   TEMPERATURE (°C), RAIN  (mm), WIND SPEED (km/hr)

                                      HEAT  COOL        AVG
    MEAN                              DEG   DEG         WIND                 DOM
DAY TEMP  HIGH   TIME   LOW    TIME   DAYS  DAYS  RAIN  SPEED HIGH   TIME    DIR
------------------------------------------------------------------------------------
 1   9.6  15.8   15:20   5.2    7:05   8.7   0.0   0.0   3.7  19.3   20:05   WNW
 2  10.7  15.3   15:00   8.4    4:55   7.6   0.0   0.0   1.1  16.1   15:30    NW
 3  11.9  15.3   22:35   9.8    1:40   6.3   0.0   0.3   1.8  20.9   21:30    NW
 4  12.4  16.4   16:00   8.1   23:20   5.9   0.0   2.5   3.5  27.4   13:15    NW
 5   9.3  15.0   15:40   5.1    8:10   9.0   0.0   0.0   4.3  25.7    0:20   WNW
 6   8.9  12.3   10:40   4.9    3:55   9.3   0.0   0.0   1.8  17.7    5:55   WNW
 7   7.7   9.2    0:05   7.1    8:20  10.6   0.0   7.9   1.1  16.1   22:20    NE
 8   9.6  13.6   17:10   6.6    5:15   8.2   0.0   0.0   1.6  16.1   16:35    NW
 9  11.5  16.9   14:40   8.4    5:20   6.8   0.0   0.0   4.7  22.5    8:55   WNW
10   8.1  10.2    0:45   6.3   23:40  10.2   0.0  26.9   3.2  24.1   19:50    NE
11   7.1  10.3   14:30   5.5   23:55  11.2   0.0   3.0   1.0  14.5   12:35   SSW
12   6.8  10.1   13:15   4.4    5:45  11.4   0.0   0.0   1.0  12.9   23:20   SSW
13   6.3   8.2   12:35   3.9    6:30  12.0   0.0   3.0   1.9  17.7    6:05   WNW
14   9.6  13.8   13:25   5.2   23:45   8.7   0.0   0.5   5.6  37.0   10:45    NW
15   6.9   8.8   15:35   4.8    6:15  11.4   0.0   0.0   1.4  20.9    1:05     W
16   7.8  13.7   16:25   4.9    5:30  10.5   0.0   0.0   1.6  17.7   22:00    SW
17   9.3  15.6   15:45   4.8    7:35   9.0   0.0   0.0   2.4  19.3    0:40   NNW
18   9.3  12.8   14:15   5.8    5:45   9.0   0.0   0.0   1.3  17.7    3:45   WNW
19   8.9   9.8    0:05   7.9   00:00   9.4   0.0   1.8   0.3  11.3   19:35   WNW
20   7.1   7.9    1:35   6.3    7:25   3.5   0.0   1.5   2.6  14.5    6:25     N
21
22
23
24
25
26
27
28
-------------------------------------------------------------------------------------
     8.9  16.9     9     3.9    13   178.7   0.0  47.5   2.3  37.0    14     WNW

Max >=  32.0:  0
Max <=   0.0:  0
Min <=   0.0:  0
Min <= -18.0:  0
Max Rain: 26.92 ON 10/02/18
Days of Rain: 9 (> .2 mm) 5 (> 2 mm) 1 (> 20 mm)
Heat Base:  18.3  Cool Base:  18.3  Method: Integration