NOAA-Style Climate Reports


Report for 2018 Απρίλιος
                   MONTHLY CLIMATOLOGICAL SUMMARY for APR. 2018

NAME: Veriaweather   CITY: Veria   STATE: Imathia 
ELEV:   158 m  LAT:  40° 31' 23" N  LONG:  22° 12' 19" E

                   TEMPERATURE (°C), RAIN  (mm), WIND SPEED (km/hr)

                                      HEAT  COOL        AVG
    MEAN                              DEG   DEG         WIND                 DOM
DAY TEMP  HIGH   TIME   LOW    TIME   DAYS  DAYS  RAIN  SPEED HIGH   TIME    DIR
------------------------------------------------------------------------------------
 1  15.4  19.3   15:20  11.1    4:40   2.9   0.1   0.0   0.0   0.0     ---   ---
 2  15.8  21.1   15:50  11.9    6:55   2.9   0.4   0.0   0.0   0.0     ---   ---
 3  15.7  22.2   16:25   9.9    7:15   3.4   0.7   0.0   0.0   0.0     ---   ---
 4  15.7  22.9   15:50  10.2    6:30   3.5   0.9   0.0   0.0   0.0     ---   ---
 5  16.9  22.9   14:40  12.3    5:45   2.4   1.0   0.0   0.0   0.0     ---   ---
 6  16.4  20.6   17:55  13.4    5:30   2.2   0.3   2.0   0.0   0.0     ---   ---
 7  16.0  21.8   17:55  12.6    5:00   2.6   0.3   0.0   0.0   0.0     ---   ---
 8  19.3  26.6   15:55  13.8    6:30   1.4   2.4   0.0   1.8  25.7   21:35   SSW
 9  18.3  25.3   16:30  12.9    6:40   1.8   1.8   0.0   3.2  20.9    5:10    NE
10  17.0  23.5   15:40  11.5    7:30   2.5   1.2   0.0   1.4  14.5   11:30    NW
11  16.6  22.3   18:30  12.7    7:25   2.4   0.7   0.0   1.3  17.7   23:40   WNW
12  17.8  25.6   16:50  11.1    7:20   2.3   1.8   0.0   1.9  19.3   18:30   WNW
13  18.9  26.1   15:30  12.6    7:10   1.6   2.2   0.0   1.1  14.5    6:45   WNW
14  20.5  27.7   15:40  14.1    6:40   1.0   3.2   0.0   1.0  17.7   16:50   WNW
15  19.8  24.3   15:45  15.7    6:50   0.6   2.1   0.0   1.6  24.1   21:45    NW
16  16.7  19.8    0:05  13.2   22:50   1.7   0.1   3.6   0.8  16.1   22:40    SW
17  17.8  24.7   17:45  12.8    5:25   2.1   1.6   0.0   1.9  24.1   22:45   WNW
18  20.0  25.9   18:10  15.2    5:05   0.8   2.5   0.0   2.4  17.7    3:10   WNW
19  19.9  25.6   15:40  15.9    7:30   0.6   2.2   1.5   2.4  20.9   22:55   WNW
20  19.8  26.7   15:25  14.8   23:35   0.9   2.4   0.0   8.4  41.8   15:25    NE
21  18.0  24.9   17:20  12.0    6:10   2.0   1.7   0.0   2.3  20.9   21:05   WNW
22  19.4  27.7   17:40  11.9    6:40   1.8   2.8   0.0   1.6  17.7   16:30   WNW
23  21.3  30.1   17:20  14.0    6:55   1.0   4.1   0.0   1.3  16.1   21:00    NW
24  16.5  18.2    1:00  14.7    5:25   0.4   0.0   0.0   1.0   9.7    3:45    NW
25
26
27
28
29
30
-------------------------------------------------------------------------------------
    17.9  30.1    23     9.9     3    44.9  36.6   7.1   1.5  41.8    20     WNW

Max >=  32.0:  0
Max <=   0.0:  0
Min <=   0.0:  0
Min <= -18.0:  0
Max Rain: 3.56 ON 16/04/18
Days of Rain: 3 (> .2 mm) 2 (> 2 mm) 0 (> 20 mm)
Heat Base:  18.3  Cool Base:  18.3  Method: Integration