NOAA-Style Climate Reports


Report for 2018 Ιούνιος
                   MONTHLY CLIMATOLOGICAL SUMMARY for JUN. 2018

NAME: Veriaweather   CITY: Veria   STATE: Imathia 
ELEV:   158 m  LAT:  40° 31' 23" N  LONG:  22° 12' 19" E

                   TEMPERATURE (°C), RAIN  (mm), WIND SPEED (km/hr)

                                      HEAT  COOL        AVG
    MEAN                              DEG   DEG         WIND                 DOM
DAY TEMP  HIGH   TIME   LOW    TIME   DAYS  DAYS  RAIN  SPEED HIGH   TIME    DIR
------------------------------------------------------------------------------------
 1  25.0  32.6   17:30  18.7    6:15   0.0   6.7   0.0   0.0   0.0     ---   ---
 2  25.8  33.1   15:45  20.9    6:10   0.0   7.5   0.0   0.0   0.0     ---   ---
 3  24.7  32.2   15:35  18.9    6:20   0.0   6.4   0.3   0.0   0.0     ---   ---
 4  26.6  33.6   17:30  20.1    6:25   0.0   8.3   0.0   0.0   0.0     ---   ---
 5  27.1  33.1   15:30  21.7    5:30   0.0   8.8   0.0   0.0   0.0     ---   ---
 6  25.7  32.6   15:35  20.9    5:55   0.0   7.4   0.0   0.0   0.0     ---   ---
 7  26.4  32.7   17:40  20.6    5:20   0.0   8.1   0.0   0.0   0.0     ---   ---
 8  25.7  31.4   15:35  20.6    6:00   0.0   7.4   0.0   0.0   0.0     ---   ---
 9  24.7  31.1   15:30  20.3    5:20   0.0   6.4   0.0   0.0   0.0     ---   ---
10  25.1  30.2   16:35  19.8    5:20   0.0   6.8   0.0   0.0   0.0     ---   ---
11  26.8  32.4   16:20  21.0    6:05   0.0   8.5   0.0   0.0   0.0     ---   ---
12  27.0  33.5   18:00  21.0    5:40   0.0   8.7   0.0   0.0   0.0     ---   ---
13  26.1  32.1   15:05  21.8    6:25   0.0   7.8   0.0   0.0   0.0     ---   ---
14  23.6  29.0   15:35  20.7   00:00   0.0   5.3   6.3   0.0   0.0     ---   ---
15  21.4  25.8   16:55  18.7    3:10   0.0   3.2   0.8   0.0   0.0     ---   ---
16  21.6  27.6   18:00  18.1    7:40   0.0   3.3   0.5   0.0   0.0     ---   ---
17  23.6  30.1   16:40  19.3    6:20   0.0   5.3   0.0   0.0   0.0     ---   ---
18  23.6  31.1   16:45  20.2    3:20   0.0   5.2  11.7   0.0   0.0     ---   ---
19  23.6  30.0   17:55  19.4    6:25   0.0   5.3   3.6   0.0   0.0     ---   ---
20  26.0  31.2   13:50  21.1    5:40   0.0   7.7   0.0   0.0   0.0     ---   ---
21  26.7  32.4   14:30  21.4    4:25   0.0   8.4   0.0   0.0   0.0     ---   ---
22  25.8  32.4   15:20  20.7    6:30   0.0   7.5   0.0   0.0   0.0     ---   ---
23  22.3  25.1   15:50  19.6    7:25   0.0   3.1   0.0   0.0   0.0     ---   ---
24
25
26
27
28
29
30
-------------------------------------------------------------------------------------
    25.0  33.6     4    18.1    16     0.0 153.2  23.1   0.0   0.0     ---   ---

Max >=  32.0: 12
Max <=   0.0:  0
Min <=   0.0:  0
Min <= -18.0:  0
Max Rain: 11.68 ON 18/06/18
Days of Rain: 6 (> .2 mm) 3 (> 2 mm) 0 (> 20 mm)
Heat Base:  18.3  Cool Base:  18.3  Method: Integration